s -2 - 21765?
-21767
In base 14, what is -3c1 + 3?
-3bc
In base 8, what is -350514 - 22?
-350536
In base 7, what is -2442 + -542?
-3314
In base 8, what is -527025 - -5?
-527020
In base 16, what is -2be73 + 3?
-2be70
In base 6, what is -1004 - -1?
-1003
In base 7, what is 166 - 1135?
-636
In base 13, what is 81a34 + 11?
81a45
In base 4, what is 3331131 - 301?
3330230
In base 2, what is -10110100001110 + 110000?
-10110011011110
In base 11, what is 12a3 + 15?
1308
In base 11, what is 47 - 60a2?
-6056
In base 13, what is -3 - -134cb?
134c8
In base 9, what is -6 + -67853?
-67860
In base 16, what is -7bc + 8?
-7b4
In base 14, what is 4 + d8410?
d8414
In base 3, what is -100110020202 - 201?
-100110021110
In base 15, what is 598d8 - 6?
598d2
In base 15, what is 0 - -101a?
101a
In base 16, what is 1 + -696?
-695
In base 2, what is 10110010101100010 - 101?
10110010101011101
In base 2, what is 100110110111100 + 111?
100110111000011
In base 5, what is -143 + 331?
133
In base 3, what is 11 - 11121201111?
-11121201100
In base 8, what is 63 + -72041?
-71756
In base 8, what is -26553 + 145?
-26406
In base 15, what is -b055 - 57?
-b0ac
In base 4, what is -1100012220 + 2?
-1100012212
In base 2, what is 11010000100 - 100001001000?
-111000100
In base 12, what is 502a + -397?
4853
In base 7, what is 4624 - -30?
4654
In base 14, what is -4 + -70b?
-711
In base 2, what is -100 + -1101111010100?
-1101111011000
In base 5, what is 241 + 11043?
11334
In base 7, what is 4 + -1101251?
-1101244
In base 4, what is -2 + 21023102?
21023100
In base 13, what is 29b0 - 37?
2976
In base 15, what is c7 + -88?
3e
In base 6, what is -235 - 14155?
-14434
In base 3, what is -1 + -201022110?
-201022111
In base 16, what is a - 19aef?
-19ae5
In base 9, what is 13 - -47355?
47368
In base 11, what is -1449 - 4?
-1452
In base 13, what is -125a8 - 0?
-125a8
In base 11, what is 56391 - 1?
56390
In base 5, what is -314431 - -4210?
-310221
In base 12, what is -2b905 - -5?
-2b900
In base 7, what is 2232 - 0?
2232
In base 8, what is -1150542 - -1?
-1150541
In base 13, what is -3 + c719?
c716
In base 14, what is -a3 - 2d8?
-39b
In base 9, what is 206422 + -2?
206420
In base 5, what is -333 - 14004?
-14342
In base 14, what is -62ab6 + 3?
-62ab3
In base 8, what is -11750 - -4?
-11744
In base 4, what is -10311 - 11330?
-22301
In base 6, what is 2024121 - 0?
2024121
In base 16, what is -7 - 1a58?
-1a5f
In base 2, what is -1100111010 - 100101?
-1101011111
In base 4, what is 202331 + -20?
202311
In base 3, what is -21 + 222022101?
222022010
In base 12, what is a947b - -12?
a9491
In base 2, what is -1110111111100011 - -1?
-1110111111100010
In base 12, what is 615 + 9a?
6b3
In base 11, what is -8229 - 155?
-8383
In base 10, what is -10 + 12171?
12161
In base 8, what is -5 - -23106?
23101
In base 6, what is 3 - -23420112?
23420115
In base 13, what is -400 + -57?
-457
In base 16, what is -67a3 - -2b?
-6778
In base 5, what is 401320 + 2?
401322
In base 9, what is 46 + -143?
-86
In base 16, what is -e37 + a?
-e2d
In base 14, what is -35 + 8116?
80c1
In base 6, what is 0 - 35130?
-35130
In base 3, what is 110211111 + -11100?
110200011
In base 11, what is -464214 - 4?
-464218
In base 2, what is -111 + -1000101011111000?
-1000101011111111
In base 15, what is 1 + -2ec2?
-2ec1
In base 9, what is -6766 - -73?
-6683
In base 2, what is -1001110111 + -100000011000?
-101010001111
In base 6, what is -3114 - -3420?
302
In base 12, what is -255 - -4b?
-206
In base 11, what is -132 - 63?
-195
In base 8, what is -65016 + 4?
-65012
In base 12, what is a988 + 4?
a990
In base 11, what is 0 + -5991?
-5991
In base 6, what is -3 - -1441255?
1441252
In base 5, what is -14442 - 103?
-20100
In base 10, what is -65 + 4215?
4150
In base 9, what is 186 - 230?
-33
In base 2, what is 100101110010 + 11100000?
101001010010
In base 14, what is -9 + -577a?
-5785
In base 15, what is 490d7 + 3?
490da
In base 9, what is 1 - 108331?
-108330
In base 15, what is -25c0a + -3?
-25c0d
In base 8, what is -2 + -451001?
-451003
In base 13, what is 28 - 207c4?
-20799
In base 11, what is 34 + 291?
315
In base 5, what is 102213 + -33?
102130
In base 12, what is 18 + -63b5?
-6399
In base 16, what is 2 - 12a711?
-12a70f
In base 13, what is 6 + -97204?
-971cb
In base 11, what is -24408 - 1?
-24409
In base 15, what is 5 - -7374e?
73754
In base 5, what is -12201 - 130?
-12331
In base 11, what is -108 + 25203?
250a6
In base 12, what is -ba20 - b?
-ba2b
In base 7, what is -110665 - -5?
-110660
In base 9, what is 14571 + 136?
14717
In base 8, what is -264 + 5633?
5347
In base 14, what is 5d5 + -12?
5c3
In base 14, what is 75b + -3dd?
35c
In base 5, what is 10 + -1111141?
-1111131
In base 15, what is -53b1 - 11?
-53c2
In base 4, what is 11 + 2112?
2123
In base 10, what is 0 - 157881?
-157881
In base 8, what is 325264 - -3?
325267
In base 9, what is -5 + -17214?
-17220
In base 6, what is -545050 + -3?
-545053
In base 15, what is 1be026 - 4?
1be022
In base 9, what is 13756 - 37?
13718
In base 16, what is -1b + a13?
9f8
In base 4, what is 10 - -1020231302?
1020231312
In base 8, what is -6 + 1355171?
1355163
In base 10, what is -10 + -223143?
-223153
In base 11, what is -13 + -a02a4?
-a0307
In base 12, what is 0 - -13527?
13527
In base 2, what is -11000101101110111 + -100?
-11000101101111011
In base 4, what is -11 - -10000110220?
10000110203
In base 8, what is -62372 + -15?
-62407
In base 13, what is -32 - -a55?
a23
In base 13, what is -34 - -69121?
690ba
In base 16, what is e03d4 - 2?
e03d2
In base 5, what is 0 + -121220021?
-121220021
In base 15, what is -3 + cea9?
cea6
In base 2, what is -10101011011101110 - 1101?
-10101011011111011
In base 8, what is 21 - 1471?
-1450
In base 16, what is -67 + 3ed?
386
In base 2, what is 1100000110111111100 - 101?
1100000110111110111
In base 3, what is -121120110002 - 11?
-121120110020
In base 10, what is -49 + -1282?
-1331
In base 8, what is 20241 + 1?
20242
In base 15, what is -b48 - 30?
-b78
In base 13, what is 4 + b12a3?
b12a7
In base 10, what is -514 - 41?
-555
In base 3, what is -111011110021 + 20?
-111011110001
In base 8, what is -325 + 53?
-252
In base 15, what is -1c - 2dc?
-309
In base 11, what is -365488 - 0?
-365488
In base 8, what is -23522 + -66?
-23610
In base 12, what is 84 - ab0?
-a28
In base 9, what is 1 + -67353?
-67352
In base 13, what is -3c37b - 15?
-3c393
In base 2, what is -1 + -100111101000101?
-100111101000110
In base 4, what is -2110 - 20220?
-22330
In base 5, what is 1300 + -110?
1140
In base 7, what is 5 - -2620221?
2620226
In base 2, what is -10010010101 + -110011?
-10011001000
In base 8, what is -321027 + -2?
-321031
In base 9, what is -10734 + -113?
-10847
In base 3, what is 1 - 1000121202?
-1000121201
In base 3, what is -2 - -2120200?
2120121
In base 4, what is -1101 - -3321?
2220
In base 3, what is -12 + 1102102111?
1102102022
In base 8, what is 4 - 21276?
-21272
In base 13, what is 51 - -3743?
3794
In base 3, what is 2220 - 1211202012?
-1211122022
In base 6, what is 20 + 1034003?
1034023
In base 2, what is -111100111001001 + -10?
-111100111001011
In base 8, what is 1 - -337057?
337060
In base 9, what is -3 + -73557?
-73561
In base 16, what is -966e2 - -3?
-966df
In base 9, what is 3755 - -133?
3888
In base 9, what is -10228 - 17?
-10246
In base 4, what is 20103000 - -33?
20103033
In base 11, what is 62956 - -2?
62958
In base 10, what is 2881 - 1?
2880
In base 8, what is 237 - -7353?
7612
In base 11, what is 162 + 219?
380
In base 5, what is 11 - -100400?
100411
In base 2, what is -10110011100001 + -10?
-10110011100011
In base 6, what is -300 - 135?
-435
In base 8, what is -655 - -754?
77
In base 8, what is -1237754 - 4?
-1237760
In base 11, what is 5 - -635349?
635353
In base 2, what is 1101111010000000111 + -10?
1101111010000000101
In base 14, what is -25 - 1b46?
-1b6b
In base 10, what is -67660 + 8?
-67652
In base 12, what is -29 - -497?
46a
In base 9, what is -5113 + 7?
-5105
In base 6, what is 2520 - 1523?
553
In base 15, what is -10c39 + 36?
-10c03
In base 12, what is -8 - 31?
-39
In base 14, what is -1aa604 + 1?
-1aa603
In base 5, what is 231204 + -2?
231202
In base 5, what is -20 - -1341?
1321
In base 16, what is 1 - -6b30?
6b31
In base 13, what is 90b + a?
918
In base 5, what is -222 -